{"id":443,"date":"2021-03-29T15:16:05","date_gmt":"2021-03-29T18:16:05","guid":{"rendered":"https:\/\/cinemaparatodos.com.br\/web\/?page_id=443"},"modified":"2022-01-14T23:51:38","modified_gmt":"2022-01-15T02:51:38","slug":"a-mostra","status":"publish","type":"page","link":"https:\/\/cinemaparatodos.com.br\/web\/a-mostra\/","title":{"rendered":"A Mostra"},"content":{"rendered":"<p><img loading=\"lazy\" decoding=\"async\" src=\"https:\/\/cinemaparatodos.com.br\/web\/wp-content\/uploads\/2021\/03\/topo-a-mostra.png\" alt=\"Cinema para Todos - A Mostra\" width=\"156\" height=\"60\" class=\"alignnone size-full wp-image-410\" \/><\/p>\n<p><img loading=\"lazy\" decoding=\"async\" src=\"https:\/\/cinemaparatodos.com.br\/web\/wp-content\/uploads\/2021\/03\/foto-topo-mostra-1.jpg\" alt=\"Cinema para Todos - A Mostra\" width=\"1024\" height=\"320\" class=\"alignnone size-full wp-image-409\" srcset=\"https:\/\/cinemaparatodos.com.br\/web\/wp-content\/uploads\/2021\/03\/foto-topo-mostra-1.jpg 1024w, https:\/\/cinemaparatodos.com.br\/web\/wp-content\/uploads\/2021\/03\/foto-topo-mostra-1-300x94.jpg 300w, https:\/\/cinemaparatodos.com.br\/web\/wp-content\/uploads\/2021\/03\/foto-topo-mostra-1-768x240.jpg 768w\" sizes=\"auto, (max-width: 1024px) 100vw, 1024px\" \/><\/p>\n<p>Ou\u00e7a este conte\u00fado:<br \/>\n<audio class=\"wp-audio-shortcode\" id=\"audio-443-1\" preload=\"none\" style=\"width: 100%;\" controls=\"controls\"><source type=\"audio\/mpeg\" src=\"https:\/\/cinemaparatodos.com.br\/web\/wp-content\/uploads\/2022\/01\/cinema-para-todos-audio-01-a-mostra.mp3?_=1\" \/><a href=\"https:\/\/cinemaparatodos.com.br\/web\/wp-content\/uploads\/2022\/01\/cinema-para-todos-audio-01-a-mostra.mp3\">https:\/\/cinemaparatodos.com.br\/web\/wp-content\/uploads\/2022\/01\/cinema-para-todos-audio-01-a-mostra.mp3<\/a><\/audio><\/p>\n<p>Ser\u00e1 realizada no per\u00edodo de 31 de mar\u00e7o a 4 de abril de 2021 a <strong>Mostra Cinema para Todos (Acesso Brasil)<\/strong>. Transmitida ao vivo pela internet, por conta do atual cen\u00e1rio de pandemia da Covid-19, o evento ser\u00e1 inclusivo, com acessibilidade: legenda descritiva nas exibi\u00e7\u00f5es e tradu\u00e7\u00e3o em libras nos debates.<\/p>\n<p>Ser\u00e3o cinco filmes brasileiros:<\/p>\n<p><strong>31 de mar\u00e7o (quarta-feira) &#8211; 20h<\/strong><br \/>\nFilme: Maria Luiza<br \/>\nDire\u00e7\u00e3o: Marcelo D\u00edaz<br \/>\nTema: Cinema Brasileiro e Diversidade de G\u00eanero<br \/>\nHor\u00e1rio do debate: 21h40<br \/>\nDebate com o diretor Marcelo D\u00edaz<\/p>\n<p><strong>1\u00ba de abril (quinta-feira) &#8211; 20h<\/strong><br \/>\nFilme: Cora Coralina &#8211; Todas as Vidas<br \/>\nDire\u00e7\u00e3o: Renato Barbieri<br \/>\nTema: Cinema Brasileiro e Poesia<br \/>\nHor\u00e1rio do debate: 21h30<br \/>\nDebate com o diretor Renato Barbieri<\/p>\n<p><strong>2 de abril (sexta-feira) &#8211; 20h<\/strong><br \/>\nFilme: Santoro &#8211; O Homem e Sua M\u00fasica<br \/>\nDire\u00e7\u00e3o: John Howard Szerman<br \/>\nTema: Cinema Brasileiro e M\u00fasica<br \/>\nHor\u00e1rio do debate: 21h30<br \/>\nDebate com o cr\u00edtico de cinema e professor S\u00e9rgio Moriconi<\/p>\n<p><strong>3 de abril (s\u00e1bado) &#8211; 20h<\/strong><br \/>\nFilme: O Outro Lado do Para\u00edso<br \/>\nDire\u00e7\u00e3o: Andr\u00e9 Ristum<br \/>\nTema: Cinema Brasileiro e Adapta\u00e7\u00f5es Liter\u00e1rias<br \/>\nHor\u00e1rio do debate: 21h40<br \/>\nDebate com o diretor Andr\u00e9 Ristum e o produtor Luiz Fernando Emediato<\/p>\n<p><strong>4 de abril (domingo) &#8211; 20h<\/strong><br \/>\nFilme: Caf\u00e9 com Canela<br \/>\nDire\u00e7\u00e3o: Ary Rosa e Glenda Nic\u00e1cio<br \/>\nTema: Cinema Brasileiro e Pluralidade Cultural<br \/>\nHor\u00e1rio do debate: 21h50<br \/>\nDebate com o cr\u00edtico de cinema e professor S\u00e9rgio Moriconi<\/p>\n<p>Os filmes ser\u00e3o exibidos em sess\u00e3o \u00fanica aqui pelo site do projeto (<a href=\"https:\/\/www.cinemaparatodos.com.br\/web\">www.cinemaparatodos.com.br<\/a>). A Mostra ocorrer\u00e1 sempre no hor\u00e1rio de Bras\u00edlia.<\/p>\n<p>O projeto \u00e9 uma realiza\u00e7\u00e3o da <strong>Stanley Projetos Empresariais Ltda<\/strong> e tem o patroc\u00ednio da Lei Aldir Blanc; do Governo do Estado do Rio de Janeiro, por meio da Secretaria de Estado de Cultura e Economia Criativa; e do Governo Federal, por meio do Minist\u00e9rio do Turismo e da Secretaria Especial da Cultura.<\/p>\n<p>#cinema #cinemanacional #cinemabrasileiro #mostra #filmes #leialdirblanc #leialdirblancrj #retomadaculturalrj #sececrj #culturapresente #culturapresenterj #poesia #diversidade #hist\u00f3ria #pluralidade #inclus\u00e3o<\/p>\n<p><img loading=\"lazy\" decoding=\"async\" src=\"https:\/\/cinemaparatodos.com.br\/web\/wp-content\/uploads\/2021\/03\/mostra-online-regua-gov-184x262-1.png\" alt=\"Cinema para Todos - Patroc\u00ednio\" width=\"184\" height=\"262\" class=\"alignnone size-full wp-image-386\" \/><\/p>\n","protected":false},"excerpt":{"rendered":"<p>Ou\u00e7a este conte\u00fado: Ser\u00e1 realizada no per\u00edodo de 31 de mar\u00e7o a 4 de abril de 2021 a Mostra Cinema para Todos (Acesso Brasil). Transmitida ao vivo pela internet, por conta do atual cen\u00e1rio de pandemia da Covid-19, o evento ser\u00e1 inclusivo, com acessibilidade: legenda descritiva nas exibi\u00e7\u00f5es e tradu\u00e7\u00e3o em libras nos debates. Ser\u00e3o [&hellip;]<\/p>\n","protected":false},"author":2,"featured_media":0,"parent":0,"menu_order":1,"comment_status":"closed","ping_status":"closed","template":"","meta":{"footnotes":""},"class_list":["post-443","page","type-page","status-publish","hentry"],"_links":{"self":[{"href":"https:\/\/cinemaparatodos.com.br\/web\/wp-json\/wp\/v2\/pages\/443","targetHints":{"allow":["GET"]}}],"collection":[{"href":"https:\/\/cinemaparatodos.com.br\/web\/wp-json\/wp\/v2\/pages"}],"about":[{"href":"https:\/\/cinemaparatodos.com.br\/web\/wp-json\/wp\/v2\/types\/page"}],"author":[{"embeddable":true,"href":"https:\/\/cinemaparatodos.com.br\/web\/wp-json\/wp\/v2\/users\/2"}],"replies":[{"embeddable":true,"href":"https:\/\/cinemaparatodos.com.br\/web\/wp-json\/wp\/v2\/comments?post=443"}],"version-history":[{"count":18,"href":"https:\/\/cinemaparatodos.com.br\/web\/wp-json\/wp\/v2\/pages\/443\/revisions"}],"predecessor-version":[{"id":561,"href":"https:\/\/cinemaparatodos.com.br\/web\/wp-json\/wp\/v2\/pages\/443\/revisions\/561"}],"wp:attachment":[{"href":"https:\/\/cinemaparatodos.com.br\/web\/wp-json\/wp\/v2\/media?parent=443"}],"curies":[{"name":"wp","href":"https:\/\/api.w.org\/{rel}","templated":true}]}}